. List the prime factors of d.
3
Let c(j) = 2*j**2 + 8*j + 7. Let f(q) = 8*q + 1. Let u be f(3). Suppose -7 + u = -3*z. What are the prime factors of c(z)?
31
Suppose -54 = 3*q - 180. Suppose 0*l = -2*l + q. Suppose 4*v - 19 = l. What are the prime factors of v?
2, 5
Let o be (-8 + 5)/(6/20). Let w be 8/o + (-1248)/(-10). Suppose 5*t + 125 = 3*l, -5*l = -2*l - 4*t - w. List the prime factors of l.
2, 5
Let o(l) = 5*l**2 + l + 3. Suppose 0 = -5*p + 13 + 7. List the prime factors of o(p).
3, 29
Let t be 3699/33 + 14/(-154). Suppose 0 = 2*p + 4*g - 3*g + 147, -3*g - 368 = 5*p. Let o = p + t. What are the prime factors of o?
3, 13
Suppose 5*t = 3371 - 626. What are the prime factors of t?
3, 61
Suppose -7*s + 10 = -2*s. Suppose -2 = d - 34. Suppose 5*u - d = -2*g, -s*g = -4*u + 3*u - 56. List the prime factors of g.
2, 13
Let r(h) be the first derivative of h**2 + 16*h + 5. List the prime factors of r(-5).
2, 3
Let c be (-4)/10*(-2 + -3). Let l(m) = m**2 + 4*m - 7. Let z be l(-6). Suppose c = z*n - 8. What are the prime factors of n?
2
Let g(x) = -2*x + 2. Let b be g(0). Suppose -b*j + 28 + 52 = 0. What are the prime factors of j?
2, 5
Let o = -21 - -42. Let c = 20 - 33. Let r = o + c. What are the prime factors of r?
2
Suppose -d = -w - w, 0 = -4*d + 2*w + 12. Suppose -1 - 7 = -d*q. Suppose 5*r - g = 267, 4*r - q*g = 2*r + 110. What are the prime factors of r?
53
Let z = -10 + 9. Let k be z/(-2 + 36/20). Suppose -g - 258 = -4*r, k*g + 74 = 3*r - 2*r. List the prime factors of r.
2
Let m be (-15)/30*4*1. What are the prime factors of -2 + (3 - -3) + m + 2?
2
Suppose 0*s + 3*s + 12 = 0. Let x = 43 + -23. Let u = x - s. What are the prime factors of u?
2, 3
Suppose 5*b + 0*y - 147 = 2*y, -2*b + y = -58. Let p = -11 + b. What are the prime factors of p?
2, 5
Let w(u) = 4*u**2 + 13*u - 7. Let i be w(-7). Suppose i + 92 = 5*d. Suppose -b - 3*o + 26 = -0*o, -b + o = -d. List the prime factors of b.
5, 7
Suppose -2*d - 24 = -4*o, 4*o = -2*d - o - 15. Let y be (-535)/15 - d/6. What are the prime factors of 51/y*(-68)/6?
17
Let u(f) = 328*f**2 - 1. Let r be u(1). Suppose -4*p + 702 = v, 0 = -3*p + 5*v + 865 - r. What are the prime factors of p?
2, 11
Suppose 505 - 155 = c. Let m be (-2)/(-4) + c/4. Let w = 146 - m. What are the prime factors of w?
2, 29
Suppose 0 = -5*l - 5*b + 5955, -3*l + 0*l = -b - 3565. List the prime factors of l.
29, 41
Suppose -3*k - 3*p - 2*p - 1115 = 0, -2*k - 5*p - 735 = 0. Let q = k - -616. List the prime factors of q.
2, 59
Let o(n) = -n - 7. Let d be o(-7). Suppose -2*v = -10, 4*z = -12*v + 11*v + 5. Suppose z = -d*g + 5*g - 15. What are the prime factors of g?
3
Let b(y) = y**3 - 3*y**2 - 4. Let l = 24 + -20. What are the prime factors of b(l)?
2, 3
What are the prime factors of 1*1191*(-567)/(-243)?
7, 397
Suppose 2*j - 3*j = -31. Suppose -4*s - j = -3*g, g = -2*s + 7*s + 3. What are the prime factors of g?
13
Let s(w) be the second derivative of 7*w**4/2 + 32*w. List the prime factors of s(-2).
2, 3, 7
Let u = -409 + 1002. List the prime factors of u.
593
Let x(b) = 111*b**2 + 8*b + 4. List the prime factors of x(-3).
11, 89
Let w(s) = 2*s**2 - 6*s + 14. What are the prime factors of w(-7)?
2, 7, 11
Let d = -42 + 51. List the prime factors of -12*(-5 + 39/d).
2
Let u be (-4)/(1/4*-1). Suppose 0 = 2*g + 1245 - 1315. List the prime factors of (4 - u)/(-3) + g.
3, 13
Suppose c + 632 = 1650. What are the prime factors of c?
2, 509
Suppose -705 = -a - 3*w + 832, 4589 = 3*a - 2*w. List the prime factors of a.
1531
Let k = 603 + -28. List the prime factors of k.
5, 23
List the prime factors of ((-4)/6)/(-3*6/47223).
3, 11, 53
Let w = 0 + 2. Suppose 3*b - 4*b + w = 0. What are the prime factors of (b/(-6))/(2/(-102))?
17
Let x = 3025 - 1157. List the prime factors of x.
2, 467
Let v(k) be the first derivative of k**3/3 + k**2/2 - 8. Let x be v(-1). Suppose 0 = 3*i - x*i - 6. List the prime factors of i.
2
Suppose -5*q - 64 = -4. What are the prime factors of (27*-11)/(q/8)?
2, 3, 11
List the prime factors of (-56)/(-252) + 12535/9.
7, 199
List the prime factors of ((-3)/(-3))/((-5)/(-1725)) + 0.
3, 5, 23
Let y be (-660)/(-45)*3*1. Let m = y - -56. List the prime factors of m.
2, 5
Let q(y) = y + 5. Suppose 4*r = 2*v - 8, v = 2*r - 6*r - 8. Let g be -2*(3 + r + -3). List the prime factors of q(g).
3
Let s(c) = 3*c + 42. Let q be s(6). Suppose 2*u + 2*i = 198, 2*i = u - 39 - q. List the prime factors of u.
3, 11
Let c be (5/(-10))/(2/(-336)). Let l be c/4 + 3 + 0. Suppose 3*g - l - 36 = 0. What are the prime factors of g?
2, 5
Suppose 5*z - 162 = 2*z. Suppose 0 = -7*y - 40 + 166. Suppose -2*x + y = -z. What are the prime factors of x?
2, 3
Let t(f) = 1 - 2*f - 237*f**2 + 3 + 249*f**2. What are the prime factors of t(2)?
2, 3
Let x(o) = -7*o + 1. Let w be x(1). Let t = 16 - 18. What are the prime factors of 15*t*4/w?
2, 5
Let v(c) = 5*c - 69. What are the prime factors of v(30)?
3
Suppose 13*c + 172 = 5671. What are the prime factors of c?
3, 47
Suppose -6 = -4*s + s - 2*r, -5*s - 4*r = -10. Suppose -8*m + 54 = -5*m. Suppose s = 5*o - m. What are the prime factors of o?
2
Suppose 5*n - 12 = 9*n, -v + n + 431 = 0. What are the prime factors of v?
2, 107
Let v = 516 - -1461. List the prime factors of v.
3, 659
Suppose -3*a + 145 = -302. Let p = a - 74. What are the prime factors of p?
3, 5
Suppose i = -5*w - 2*i + 230, -230 = -5*w - 4*i. Suppose -5*p = 3*m - 313, w = 5*p + 5*m - 259. What are the prime factors of p?
5, 13
Let n(r) = 3*r**2 + 35*r - 12. Let h(b) = -b**2 - 12*b + 4. Let d(l) = 11*h(l) + 4*n(l). Let k be d(-6). List the prime factors of (68/k)/((-3)/12).
17
Suppose 0 = t - 4*k - 311, 17*k + 313 = t + 15*k. What are the prime factors of t?
3, 5, 7
Let v(t) = 2*t**2 + 44*t + 94. List the prime factors of v(22).
2, 5, 7, 29
Let s(y) = 2*y + 3*y - 3*y - 38. What are the prime factors of s(21)?
2
Suppose 7*r + o + 35 = 2*r, -r - 21 = 3*o. Let k be 232/(-3)*9/r. Suppose 7*t - 3*t - k = 0. List the prime factors of t.
29
Suppose -2*v = -7*v + 2430. List the prime factors of v.
2, 3
Let m(k) = -2*k**2 - k - 10 + 10*k + k**2. Let q be m(7). What are the prime factors of -27*q/(-18)*3?
2, 3
Suppose -9*y - 78 = -3*y. Let z = 20 - y. What are the prime factors of z?
3, 11
Suppose 0 = 2*q - 5*j + 27, -2*q = -0*j - 2*j + 18. Let c(a) = -a**3 - 4*a**2 + 3*a - 11. What are the prime factors of c(q)?
43
Suppose -3*i + 17 = 8, 5*j + 5*i = 11425. What are the prime factors of j?
2, 7, 163
Let k(o) = -2*o + 11. Let d(n) = -3*n + 22. Let w(h) = 3*h**3 - h**2 + 1. Let j be w(1). Let s(b) = j*d(b) - 7*k(b). List the prime factors of s(9).
2, 17
Suppose -7*n + 6*n - 24 = 0. Let t = n + 33. Let z = -2 + t. List the prime factors of z.
7
Let y = 358 + -344. List the prime factors of y.
2, 7
What are the prime factors of (-45)/18 + (-846)/(-12)?
2, 17
Let b(v) = -2*v + 2. Let y be -1 + -1 + -2 + 8. Suppose g = y*p + 29, -5 + 0 = -g. What are the prime factors of b(p)?
2, 7
Suppose -3*y = -9, 0*y = 4*z - y - 25. Let g(m) = 21*m - 4. What are the prime factors of g(z)?
11, 13
Let b(o) = -5*o + 27. Suppose 0 = -4*u - v - 26, 0*u + 2*u - 2*v + 18 = 0. List the prime factors of b(u).
2, 31
Let k be 11 - (7 + -3 + 0). Suppose 4*a + 4*d - 32 = 0, 2*a = -0*d + d + k. Suppose 5*r - y = 237 + 17, -180 = -4*r - a*y. What are the prime factors of r?
2, 5
Suppose 117*z - 10600 = 113*z. What are the prime factors of z?
2, 5, 53
Suppose n + 61 = 112. Suppose -5*f - n = -r, 4*r + 3*f = 5*f + 258. What are the prime factors of r?
2, 3, 11
Let q = 1489 - -742. List the prime factors of q.
23, 97
What are the prime factors of (155/1)/((-122)/(-732))?
2, 3, 5, 31
Let k = 406 - 280. Suppose 5*q = 29 + k. Let p = q - 11. List the prime factors of p.
2, 5
Let b(w) = 9*w - 55. Let f be b(22). Let v = 379 - f. List the prime factors of v.
2, 59
Let g(j) = 4*j**2 + j - 2. Let f be g(-2). Suppose 4*k - 17 = -p, 0*p + 3*p = 5*k. Suppose -3*x + f = 0, p + 2 = b + x. List the prime factors of b.
3
Let w(f) = -f**3 + 5*f**2 + 6*f + 4. Let x = 17 + -13. Suppose x*j = -0*j + 20. What are the prime factors of w(j)?
2, 17
Suppose -3512 = -4*r + 3*u - 7*u, r - 879 = -2*u. What are the prime factors of r?
877
Let b = -53 + 201. List the prime factors of b.
2, 37
Let j(b) = -7*b - 